11 + -10000?
-10111
In base 8, what is -1155 - -42?
-1113
In base 10, what is 15 + -21?
-6
In base 7, what is -5 - -360?
352
In base 10, what is -16 + 44?
28
In base 10, what is 4 - 2817?
-2813
In base 3, what is -1 - 22?
-100
In base 8, what is -1 - -645?
644
In base 12, what is 3 - 2?
1
In base 15, what is 0 + 17?
17
In base 8, what is 11 + 64?
75
In base 5, what is 401 - 2?
344
In base 13, what is aa - -6?
b3
In base 3, what is 2121 + 0?
2121
In base 10, what is -3300 + -2?
-3302
In base 12, what is 1 - -117?
118
In base 12, what is 1 - 6?
-5
In base 11, what is -3507 - -4?
-3503
In base 3, what is 100 - -22111?
22211
In base 14, what is d3b - -4?
d41
In base 10, what is 75 - 4?
71
In base 14, what is -23 - -7d?
5a
In base 15, what is 5 + -77?
-72
In base 13, what is -217 + 3?
-214
In base 11, what is -1 + 139?
138
In base 6, what is -1 - 2041?
-2042
In base 8, what is -23 - 5?
-30
In base 8, what is 165 + -5?
160
In base 3, what is -20102202 - 12?
-20102221
In base 5, what is 3 + 2121?
2124
In base 8, what is -2 + 1605?
1603
In base 4, what is -230001 - 3?
-230010
In base 9, what is -4 - 517?
-522
In base 7, what is 0 - -4346?
4346
In base 6, what is -112511 - -4?
-112503
In base 9, what is 122 - -8?
131
In base 12, what is -264b + 1?
-264a
In base 14, what is 190 + 3?
193
In base 5, what is -3443 + 4?
-3434
In base 9, what is 1 - 36?
-35
In base 4, what is -11 + -3?
-20
In base 6, what is 201 - -3?
204
In base 6, what is -4 + -1440?
-1444
In base 2, what is 100 + 1000?
1100
In base 12, what is 2 - 26?
-24
In base 2, what is -10011011111 + 0?
-10011011111
In base 13, what is b4c - 2?
b4a
In base 13, what is -99 + 0?
-99
In base 2, what is -1000010110 - 10001?
-1000100111
In base 14, what is -1 + -1c2?
-1c3
In base 16, what is -2e + -7c?
-aa
In base 5, what is -1343 + 10?
-1333
In base 9, what is -25 - 7?
-33
In base 11, what is -91 - 4?
-95
In base 7, what is -10465 + -4?
-10502
In base 4, what is 1 - -211?
212
In base 16, what is 3 + b38?
b3b
In base 5, what is 312 - 10?
302
In base 16, what is 1f1 + -5?
1ec
In base 14, what is 1 + -30?
-2d
In base 3, what is 111 - -12?
200
In base 8, what is -7 - -124?
115
In base 14, what is -428 - 2?
-42a
In base 11, what is 53 - -37?
8a
In base 13, what is -70 - -33?
-3a
In base 12, what is -a + 3?
-7
In base 2, what is -1100001 - 111011?
-10011100
In base 2, what is -10 - -1011100?
1011010
In base 5, what is -1 + -214?
-220
In base 3, what is -220 + -1011?
-2001
In base 7, what is 23 - -12?
35
In base 10, what is -7 + 1290?
1283
In base 16, what is -9 - -4a?
41
In base 14, what is 4 - 95?
-91
In base 2, what is 1111011 - -1?
1111100
In base 13, what is -3 - 139?
-13c
In base 6, what is 4 + -245?
-241
In base 6, what is 2 + 1315?
1321
In base 8, what is 5 - -25?
32
In base 10, what is -377 + 4?
-373
In base 4, what is -2113 - 0?
-2113
In base 13, what is 28 - -2?
2a
In base 3, what is 1 - -10200022?
10200100
In base 3, what is 12 + -10211011?
-10210222
In base 12, what is 0 + -ab?
-ab
In base 6, what is 1 + -421?
-420
In base 9, what is -5 - 32?
-37
In base 16, what is -19 - -e?
-b
In base 9, what is -15 + -343?
-358
In base 12, what is -b7 + 4?
-b3
In base 3, what is -212 + -111?
-1100
In base 16, what is -24f6 - -3?
-24f3
In base 3, what is 100001 - 11?
22220
In base 9, what is -44 + 3?
-41
In base 10, what is 538 + 2?
540
In base 9, what is -1 + -84?
-85
In base 7, what is -44 + 3?
-41
In base 2, what is 1011000111 - 101?
1011000010
In base 10, what is 3 - -173?
176
In base 8, what is 10 + -451?
-441
In base 8, what is 0 + -104?
-104
In base 12, what is -2 + -128?
-12a
In base 3, what is 20 + -2011?
-1221
In base 11, what is 109 + 4?
112
In base 4, what is 12201 + -10?
12131
In base 13, what is 3 - 473?
-470
In base 9, what is 26 + -28?
-2
In base 11, what is -1 - -780?
77a
In base 7, what is -1 - -202?
201
In base 15, what is b - -1?
c
In base 16, what is 13 + -9?
a
In base 14, what is 3 + -69?
-66
In base 14, what is -21 + -12?
-33
In base 3, what is 1022120 + 0?
1022120
In base 8, what is -5 + -6?
-13
In base 12, what is -129 - 34?
-161
In base 7, what is -261 + -320?
-611
In base 9, what is 3 + 4353?
4356
In base 8, what is -266 + 0?
-266
In base 2, what is -1100000011 + 11?
-1100000000
In base 2, what is 10 - -100000?
100010
In base 6, what is 135 - 2?
133
In base 13, what is ab0 - -5?
ab5
In base 3, what is -100 - 2020?
-2120
In base 13, what is -529 - 3?
-52c
In base 4, what is 123211 - 11?
123200
In base 10, what is 3334 + 3?
3337
In base 10, what is 118 - -8?
126
In base 8, what is 151 + 2?
153
In base 4, what is -322 + -32?
-1020
In base 16, what is 1 - -9b6?
9b7
In base 12, what is 9 - -3b?
48
In base 16, what is d - -5a?
67
In base 6, what is 1 - 5055?
-5054
In base 4, what is -30 + -120?
-210
In base 11, what is 3 - 106?
-103
In base 2, what is -1100110 - -10001?
-1010101
In base 14, what is -dd8 - -6?
-dd2
In base 6, what is 11132 + 0?
11132
In base 9, what is -135 - 5?
-141
In base 4, what is -2 + -31123?
-31131
In base 15, what is -bc + -a?
-c7
In base 2, what is -10 + -10000?
-10010
In base 15, what is -101e6 + -1?
-101e7
In base 10, what is -2499 - 1?
-2500
In base 7, what is 66 + 2?
101
In base 3, what is -22 + 12200120?
12200021
In base 14, what is -5 - -75?
70
In base 3, what is -10110220 - 0?
-10110220
In base 12, what is -1 + b1?
b0
In base 7, what is 20251 - 1?
20250
In base 12, what is -4 - 2b?
-33
In base 16, what is -6 + a?
4
In base 4, what is 33 - 1320?
-1221
In base 6, what is 3 - -112?
115
In base 15, what is 0 + -6b0?
-6b0
In base 14, what is -21c - -b?
-211
In base 2, what is -11101011 + -11?
-11101110
In base 15, what is -1 + -13?
-14
In base 10, what is -407 + -2?
-409
In base 7, what is -340 - 2?
-342
In base 5, what is -13 - 103?
-121
In base 10, what is -1 - -71?
70
In base 5, what is -2 + -1343?
-1400
In base 5, what is -3 - -2121?
2113
In base 5, what is 2 + -1104?
-1102
In base 14, what is 6 - -3b4?
3ba
In base 6, what is -421 + 2?
-415
In base 15, what is -5 - 1c?
-22
In base 13, what is 13 + -16?
-3
In base 3, what is 10 - 10001020?
-10001010
In base 16, what is 6e + 4?
72
In base 11, what is -a39 - 3?
-a41
In base 8, what is 16 + -4?
12
In base 8, what is 34 + -23?
11
In base 8, what is -77 - -316?
217
In base 4, what is 2 - 1130?
-1122
In base 8, what is 2 + 76?
100
In base 14, what is 43 + -37?
a
In base 7, what is -312 + -15?
-330
In base 11, what is 10 + -7?
4
In base 12, what is -7 - 409?
-414
In base 9, what is -6 - 218?
-225
In base 3, what is 1002002 - 11?
1001221
In base 9, what is 1 - -3451?
3452
In base 8, what is 33 + 15?
50
In base 11, what is 35 - -3?
38
In base 2, what is 1010 + 11000?
100010
In base 11, what is -3 + 50?
48
In base 13, what is -2 - -14?
12
In base 11, what is 4 - 34?
-30
In base 16, what is -2a + e?
-1c
In base 4, what is -1030 - 2212?
-3302
In base 16, what is -5b + 63?
8
In base 15, what is 1 + -7c?
-7b
In base 10, what is 6 + 59?
65
In base 6, what is -10 - 2555?
-3005
In base 8, what is 125 - 1?
124
In base 15, what is -14 + -12?
-26
In base 10, what is -40 + 33?
-7
In base 6, what is -1 - -23?
22
In base 9, what is 3866 - -5?
3872
In base 5, what is 11 - 31?
-20
In base 11, what is -2a75 - 1?
-2a76
In base 11, what is 97 + 7?
a3
In base 7, what is -41 + 11?
-30
In base 13, what is 1833 - 4?
182c
In base 16, what is -5b - 4?
-5f
In base 8, what is 15 - 21?
-4
In base 5, what is -13 + -2403?
-2421
In base 4, what is -2 + -3033?
-3101
In base 10, what is 537 - 12?
525
In base 10, what is 496 + -5?
491
In base 4, what is -123 + 21?
-102
In base 7, what is 16 + 25?
44
In base 12, what is -194 + 6?
-18a
In base 12, what is 4 + 394?
398
In base 10, what is -5 - 4?
-9
In base 14, what is 7 + 20?
27
In base 7, what is 0 + -4?
-4
In base 2, what is 1010001011011 - 100?
1010001010111
In base 13, what is 73 - 5?
6b
In base 9, what is -4 + 305?
301
In base 14, what is 965 + 1?
966
In base 6, what is 35 + 3?
42
In base 7, what is -3 + 1531?
1525
In base 2, what is -1000010 + 11001?
-101001
In base 5, what is -4 + 11203?
11144
In base 3, what is -12 - -22?
10
In base 3, what is -22 + 222001?
221202
In base 2, what is -101 - -111010?
110101
In base 7, what is -2 + -324?
-326
In base 4, what is -32 - -100?
2
In base 3, what is 20 